or of c and h.
4
Suppose -6 - 6 = 3*a, 3*a = -3*o - 9. Let w(r) = 6*r**3 + 2*r**2 - 3*r + 1. Let y be w(o). Suppose j = -j + 36. What is the highest common divisor of j and y?
6
Let r(b) = b**2 + b - 12. Let u be (-4 + 3)*-1 + -10. Let a be r(u). Calculate the highest common factor of 40 and a.
20
Let p be ((-2)/(-3))/((-10)/(-105)). Let o be 1*1/(-1)*0. Let n = 7 + o. Calculate the highest common divisor of n and p.
7
Let o be 0 - -2*(-18)/3. Let x be ((-99)/27)/(2/o). Calculate the greatest common divisor of x and 11.
11
Let c(i) = 3*i**2 + 2*i - 1. Suppose -2*p = -p - 3. Suppose 30 = -2*z - p*z. Let t be c(z). Calculate the greatest common divisor of 38 and t.
19
Let c = -19 + 26. Let v(s) = -s - 4. Let w be v(-6). Suppose -g = m - 15, -9 - 59 = -5*m + w*g. Calculate the greatest common factor of m and c.
7
Suppose -133 - 27 = -5*p. Suppose 3*z - 6 = -3*s + 6, -s = 4*z - 16. Suppose g - 28 = -z*x, -x + 51 = -0*g + 3*g. What is the highest common factor of g and p?
16
Let d = 57 + -46. What is the greatest common divisor of d and 33?
11
Let n = 90 + -69. Calculate the highest common divisor of n and 6.
3
Let q = 49 + -26. Let z = q - 4. Suppose 0 = -5*y - 3*d + 659, -3*y + 346 = -3*d - 59. What is the highest common divisor of z and y?
19
Let o(p) = -p**3 + 8*p**2 + 11*p - 17. Let m be o(9). Calculate the highest common divisor of m and 5.
1
Let d be 5/(-2)*(0 + -4). What is the highest common divisor of d and 90?
10
Let k(o) = -84*o**3 - o - 1. Suppose -7*i = -5*i + 2. Let b be k(i). Suppose -4*t + 48 + 0 = 0. What is the highest common divisor of t and b?
12
Suppose -5*o = -2*o - 330. Let f(n) = -n**2 + 5*n + 1. Let m be f(-6). Let a = m + o. Calculate the greatest common factor of 5 and a.
5
Suppose 0 = 5*a - 1 - 4. Let n be (0 - 0)/(3 - 5). Suppose 3*z = -n + 3. Calculate the highest common factor of z and a.
1
Let q = -3 - -18. Suppose -2*f + 85 + q = 0. Calculate the greatest common divisor of f and 10.
10
Let f be 58/18 - (-4)/(-18). Let s be 1/(-3) + (-129)/(-9). Let p = s - f. Calculate the greatest common factor of p and 1.
1
Let t(d) = 2*d + 4. Let q be t(13). Calculate the greatest common divisor of q and 20.
10
Suppose 4*q - 257 = 107. Calculate the greatest common factor of q and 13.
13
Let o be 114/(36/6) + -1. Let f be (-3)/((-3)/2) + 7. Suppose -3*l = 2*g - 0*g - 33, -f = -3*g. Calculate the greatest common divisor of l and o.
9
Suppose 2*b = 5 - 3. What is the greatest common factor of 7 and b?
1
Suppose c - 5 = 0, -3*g + g + 5*c - 37 = 0. Let o(b) = 2 + 6 - 7 - 7*b - b**2. Let u be o(g). What is the greatest common divisor of 28 and u?
7
Let o = -25 - -29. Suppose 112 = 4*i + o*j, 7*i - 4*i = -2*j + 80. Let a = 27 - 15. Calculate the highest common factor of i and a.
12
Let h be (-14)/2 + 0/1. Let j(m) = m**3 + 7*m**2 + 2*m + 8. Let b be j(h). Let v be ((-16)/b)/1*3. What is the highest common factor of 56 and v?
8
Let m be 8/(-1)*-1 + 4. What is the highest common divisor of 24 and m?
12
Suppose -2*u + 5 = z - 0*z, 4*z = -4*u + 4. Calculate the highest common divisor of 36 and u.
4
Let h(y) = 3*y**2 + 5*y + 5. Let q be h(-4). Suppose 3*n = q + 21. Suppose 6*x = 5*x + 180. What is the greatest common factor of n and x?
18
Let l be (-3 - (-54)/4) + 2/4. What is the highest common divisor of 1 and l?
1
Let x be 20/(-25)*(-6 + 1). Suppose 0 = 3*g - 6*g + 5*t + 90, 3*t - 149 = -x*g. Calculate the highest common divisor of g and 7.
7
Suppose 2*w - 3*q = -0*w + 103, 5*q = 3*w - 153. Let z be (-66)/(-9) + 4/6. What is the greatest common divisor of z and w?
8
Let u(q) = -q**2 + q - 9. Let f be u(0). Let g(o) = -o - 6. Let z be g(f). What is the highest common divisor of 15 and z?
3
Let g be (0 + -1)*(-1)/1. Suppose 66 - 67 = -s. Calculate the highest common factor of g and s.
1
Suppose 0 = 3*t - 5*g + 2*g + 6, 1 = -4*t - 3*g. Let n be ((-13)/(-3))/t*-3. What is the greatest common divisor of 52 and n?
13
Let u(o) = 2*o**2 + 4*o + 7. Let f be u(5). Suppose -3*h = -7*h. Suppose h = w - 4*w + 33. What is the greatest common factor of w and f?
11
Let n(x) = x + 5. Let r be n(7). Let f(m) = -m**3 + 13*m**2 - 12*m + 6. Let b be f(r). Calculate the greatest common divisor of 48 and b.
6
Let a be 12 + (-5)/20*0. What is the greatest common factor of 84 and a?
12
Suppose -8*f - 96 = -4*f. Let y = -8 - f. Calculate the greatest common divisor of 48 and y.
16
Suppose 3*v - 2*v = 70. Calculate the highest common divisor of v and 28.
14
Let q = -6 + -1. Let u be (-162)/21 + 2/q. Let a be (-134)/(-8) - 2/u. Calculate the highest common factor of a and 153.
17
Suppose -5*c = -4*y + 173, 2*y - 6*y - 3*c = -165. Let p = -30 + y. Suppose 0 = w + 2*n, -w + n = -3*n - 12. Calculate the greatest common divisor of p and w.
4
Let q = 71 - 8. Let g(b) = b**2 + b + 1. Let x be g(-3). What is the greatest common divisor of q and x?
7
Let l = 1 - 1. Suppose -10 = -l*j - j. Let b be 3 - 2*(-1)/(-2). What is the greatest common factor of j and b?
2
Let d be 2 + -349 - (-4 + 3). Let v(m) = -14*m**2 - 2*m. Let b be v(-4). Let s = b - d. Calculate the highest common divisor of 13 and s.
13
Let j = -3 - -1. Let o = -2 - j. Suppose o = -2*c - c + 84. Calculate the highest common divisor of c and 4.
4
Let y(l) = 3*l**2 - 10*l + 8. Let m be (-9)/3 - 1*-9. Let o be y(m). Calculate the highest common factor of 14 and o.
14
Let l be ((-2)/4*-22)/1. What is the greatest common divisor of 55 and l?
11
Let n = 19 + -18. Suppose -n = -f - 0. Let b(o) = o**3 - 2*o**2 - o + 3. Let t be b(3). What is the greatest common factor of t and f?
1
Suppose -59 = -7*h - 3. Let u(a) = 11*a + 5. Let x(z) = -11*z - 6. Let y(j) = -7*u(j) - 6*x(j). Let t be y(-1). What is the greatest common divisor of t and h?
4
Suppose -5*f + 103 + 97 = 0. Calculate the greatest common divisor of 16 and f.
8
Suppose 5*j - 13 - 2 = 0. Let i = 39 - j. What is the greatest common divisor of 4 and i?
4
Suppose 0 = 3*k + h - 36, -h = -4*k + 6*k - 23. What is the highest common factor of 117 and k?
13
Suppose 6 + 8 = -k. Let f = k + 185. Calculate the highest common divisor of f and 19.
19
Let u(h) = -h**3 + 5*h**2 + h + 2. Let c be u(5). Let p be (186/(-8) - 0)*-8. Suppose p + 10 = 4*m. Calculate the highest common factor of m and c.
7
Let b(i) = 2*i**2 + 8*i + 5. Let g be b(6). Let h = g + -87. Let x be h - (1 - 1 - -2). What is the highest common divisor of 24 and x?
12
Let j be (2 - (2 - 1)) + 14. Suppose -5*g - c = -378, -2*c - 72 = -g - c. Calculate the highest common factor of g and j.
15
Suppose -37 = -5*z + 108. What is the greatest common divisor of z and 319?
29
Let w(c) = 5*c**2 - 3*c - 5. Let u be w(8). Suppose 0 = 4*a - u - 149. Calculate the highest common factor of 10 and a.
10
Suppose 2*s - 10 - 6 = 0. Let i(b) = -4*b. Let n be i(2). Let q be -12*(n/3 - -2). What is the greatest common divisor of s and q?
8
Suppose -h = -3*h + 20. Let y(a) = a**3 - 8*a**2 + 8*a + 6. Let d be y(6). Let m = d + 28. What is the greatest common factor of m and h?
10
Let r be (-12)/54 + (-29)/(-9). Let g be (-2 + r)*(32 + -1). What is the greatest common divisor of 248 and g?
31
Suppose 0 = q - 2 - 1. Suppose q*x - 7 = -4. Suppose -8 = -3*s + x. What is the greatest common divisor of 24 and s?
3
Let m(k) = 3*k**2. Let a be m(-2). What is the greatest common divisor of a and 48?
12
Suppose 3*y - 4 = -2*d + 10, 2*y - 5*d = 3. Suppose y*u = u - 15, 3*u = -5*w. Suppose 0*c = -w*c + 54. Calculate the greatest common divisor of 27 and c.
9
Let n = -9 - -15. Let j be (7/(-1))/((-10)/190). Let k = -91 + j. What is the greatest common divisor of k and n?
6
Let a = -14 - -17. Suppose 3*n = 5*i + 8 - 46, -a*i - n = -20. Calculate the highest common factor of 63 and i.
7
Suppose -4*m - m = -195. Suppose -2*a + 3*a = 4*s - 4, -5*s - m = -4*a. Calculate the greatest common factor of 4 and a.
4
Let a(y) = y**3 - 3*y**2 + 2*y - 3. Suppose -q = 5*c - 12 + 1, 0 = 5*c - 5*q - 35. Let n be a(c). What is the highest common divisor of 27 and n?
3
Let w = 9 + -2. What is the highest common factor of w and 63?
7
Suppose -2*w + 6*w + 2*z = 12, 2*w + 6 = 5*z. Calculate the highest common divisor of 16 and w.
2
Let y(p) = 5*p**2 + 2*p - 2. Let v be y(-2). Let a = -5 + v. Calculate the greatest common divisor of a and 63.
9
Suppose 0 = 